{"id":13,"date":"2018-09-15T19:00:59","date_gmt":"2018-09-15T17:00:59","guid":{"rendered":"http:\/\/s521716621.online.de\/?page_id=13"},"modified":"2018-11-13T14:18:49","modified_gmt":"2018-11-13T13:18:49","slug":"gesuche","status":"publish","type":"page","link":"https:\/\/leis-immobilien-service.de\/?page_id=13","title":{"rendered":"Gesuche"},"content":{"rendered":"<h3 style=\"font-size: 16px;\">W\u00fcnschen Sie, dass wir f\u00fcr Ihre Immobilie professionell und effektiv den passenden Mieter oder K\u00e4ufer finden?<\/h3>\n<h3 style=\"font-size: 16px;\">Dann sollten Sie mit uns <a href=\"https:\/\/leis-immobilien-service.de\/?page_id=23\">Kontakt<\/a>\u00a0aufnehmen.<\/h3>\n","protected":false},"excerpt":{"rendered":"<p>W\u00fcnschen Sie, dass wir f\u00fcr Ihre Immobilie professionell und effektiv den passenden Mieter oder K\u00e4ufer finden? Dann sollten Sie mit uns Kontakt\u00a0aufnehmen.<\/p>\n","protected":false},"author":1,"featured_media":0,"parent":0,"menu_order":0,"comment_status":"closed","ping_status":"closed","template":"","meta":{"footnotes":""},"class_list":["post-13","page","type-page","status-publish","hentry"],"_links":{"self":[{"href":"https:\/\/leis-immobilien-service.de\/index.php?rest_route=\/wp\/v2\/pages\/13","targetHints":{"allow":["GET"]}}],"collection":[{"href":"https:\/\/leis-immobilien-service.de\/index.php?rest_route=\/wp\/v2\/pages"}],"about":[{"href":"https:\/\/leis-immobilien-service.de\/index.php?rest_route=\/wp\/v2\/types\/page"}],"author":[{"embeddable":true,"href":"https:\/\/leis-immobilien-service.de\/index.php?rest_route=\/wp\/v2\/users\/1"}],"replies":[{"embeddable":true,"href":"https:\/\/leis-immobilien-service.de\/index.php?rest_route=%2Fwp%2Fv2%2Fcomments&post=13"}],"version-history":[{"count":10,"href":"https:\/\/leis-immobilien-service.de\/index.php?rest_route=\/wp\/v2\/pages\/13\/revisions"}],"predecessor-version":[{"id":215,"href":"https:\/\/leis-immobilien-service.de\/index.php?rest_route=\/wp\/v2\/pages\/13\/revisions\/215"}],"wp:attachment":[{"href":"https:\/\/leis-immobilien-service.de\/index.php?rest_route=%2Fwp%2Fv2%2Fmedia&parent=13"}],"curies":[{"name":"wp","href":"https:\/\/api.w.org\/{rel}","templated":true}]}}